lculate the highest common divisor of 255 and 12118705.
85
Calculate the highest common divisor of 5820556 and 1484.
28
Calculate the greatest common divisor of 13740855 and 45.
15
What is the greatest common factor of 526 and 884370901?
263
What is the highest common divisor of 7650 and 1631592?
306
What is the highest common divisor of 406216515 and 2118?
1059
Calculate the highest common factor of 356 and 10237403.
89
Calculate the greatest common factor of 916412 and 45517.
23
Calculate the greatest common factor of 630 and 60276.
6
Calculate the greatest common factor of 1274 and 11741954.
14
Calculate the greatest common factor of 46 and 145677998.
46
Calculate the highest common factor of 9174176 and 8052.
44
What is the highest common factor of 154 and 2273579?
77
Calculate the highest common factor of 80 and 52534670.
10
What is the greatest common factor of 13284860 and 2660?
20
What is the greatest common divisor of 2943975 and 3225?
75
What is the highest common divisor of 320485 and 737330?
55
What is the greatest common factor of 3886905 and 200805?
165
What is the highest common divisor of 1784029 and 208?
13
What is the greatest common factor of 168075 and 2330225?
2075
What is the highest common divisor of 4566542 and 1057?
151
What is the highest common factor of 82182144 and 15048?
5016
Calculate the highest common factor of 27 and 1001853.
9
Calculate the greatest common divisor of 474085524 and 37020.
7404
What is the greatest common divisor of 2257 and 14161089?
61
Calculate the greatest common divisor of 13213926 and 121.
121
What is the highest common factor of 3353797 and 5456?
31
Calculate the highest common factor of 608 and 14448064.
32
What is the highest common factor of 83456 and 536768?
64
Calculate the greatest common divisor of 87912 and 8999584.
3256
Calculate the highest common divisor of 3808 and 16446276.
476
Calculate the highest common divisor of 1031 and 305317247.
1031
Calculate the highest common divisor of 647278506 and 2862.
2862
Calculate the highest common factor of 126894137 and 272.
17
What is the highest common factor of 4024461 and 105?
21
Calculate the highest common factor of 584723486 and 5462.
5462
What is the greatest common factor of 5004777099 and 21?
21
What is the highest common divisor of 21146640 and 73?
73
What is the highest common factor of 15 and 15009?
3
Calculate the highest common factor of 4996285 and 196.
49
What is the greatest common factor of 267286180 and 752?
188
Calculate the greatest common factor of 22560 and 894480.
240
What is the greatest common factor of 19208900 and 28475?
1675
What is the greatest common divisor of 1672 and 49975244?
836
What is the greatest common divisor of 10826430 and 55302?
4254
What is the highest common factor of 37682645 and 5?
5
Calculate the greatest common divisor of 35 and 63212212.
7
What is the greatest common divisor of 4898 and 5147482?
158
What is the greatest common factor of 9478 and 15978554?
1354
Calculate the highest common divisor of 2868506025 and 5775.
5775
What is the greatest common divisor of 7579517 and 11?
11
What is the highest common divisor of 11812713 and 78683?
3421
What is the highest common divisor of 348854 and 68882?
2222
Calculate the highest common factor of 9054 and 2346998.
1006
Calculate the highest common divisor of 3522462 and 846.
282
What is the greatest common factor of 940716875 and 375?
125
Calculate the highest common factor of 109826 and 2724290.
178
Calculate the highest common factor of 2154593 and 12586.
217
What is the highest common factor of 2079 and 12244419?
297
Calculate the greatest common factor of 1476566 and 36062.
494
What is the greatest common factor of 43616259 and 297?
27
Calculate the greatest common divisor of 864360 and 46080.
360
What is the highest common divisor of 8 and 14549512?
8
Calculate the greatest common divisor of 496 and 107384.
248
Calculate the greatest common factor of 7748768 and 368548.
1852
Calculate the greatest common factor of 291 and 22393711.
97
What is the greatest common divisor of 64010 and 1651310?
370
What is the highest common divisor of 406241 and 18271?
11
What is the greatest common factor of 219388680 and 35?
35
What is the greatest common factor of 2991090 and 297438?
3342
Calculate the greatest common factor of 27767779 and 15906.
241
What is the highest common factor of 350 and 82220705?
35
What is the greatest common factor of 18811 and 90467?
13
Calculate the highest common divisor of 3 and 437296140.
3
What is the greatest common factor of 952060 and 526000?
5260
Calculate the greatest common divisor of 122774 and 6358.
34
Calculate the greatest common factor of 35 and 876950445.
35
Calculate the highest common factor of 12272 and 3630978.
1534
Calculate the highest common factor of 11859 and 1876201.
67
What is the highest common divisor of 376 and 73970950?
94
Calculate the greatest common divisor of 980365 and 530.
5
What is the highest common divisor of 502000 and 180?
20
What is the greatest common divisor of 1305 and 331335?
45
Calculate the highest common divisor of 3582 and 1821845.
199
What is the greatest common divisor of 680 and 22535608?
136
What is the greatest common factor of 36816 and 1813656?
312
What is the greatest common divisor of 1181015 and 385?
55
Calculate the greatest common divisor of 216 and 21169782.
54
What is the highest common divisor of 2289885 and 39?
39
Calculate the greatest common divisor of 1344 and 1309224.
168
Calculate the greatest common divisor of 155 and 233966145.
155
What is the greatest common divisor of 17490220 and 330?
110
Calculate the greatest common divisor of 740 and 300532130.
370
Calculate the highest common divisor of 1460413 and 4.
1
What is the highest common factor of 2972286 and 684?
18
What is the greatest common divisor of 8 and 14846504?
8
Calculate the highest common divisor of 1228752 and 18864.
144
Calculate the highest common factor of 6533 and 3608857.
139
What is the highest common divisor of 133718 and 4882514?
3614
What is the highest common divisor of 161803707 and 13?
13
Calculate the highest common divisor of 24 and 1342720.
8
What is the highest common factor of 5660 and 11394995?
1415
Calculate the highest common divisor of 15918999 and 680019.
8193
What is the greatest common factor of 378090 and 52789766?
8402
Calculate the highest common factor of 6700 and 132625.
25
Calculate the greatest common factor of 599052 and 9.
3
Calculate the greatest common factor of 2118 and 4436151.
1059
Calculate the greatest common divisor of 16548850 and 16837.
113
What is the highest common divisor of 29545 and 1312767?
19
What is the highest common factor of 68 and 941899484?
68
Calculate the greatest common factor of 38225 and 98968.
139
What is the greatest common factor of 704620 and 6755?
35
What is the greatest common divisor of 37944 and 12504?
24
What is the greatest common divisor of 9749060 and 2759?
89
Calculate the greatest common divisor of 140 and 155690.
10
What is the highest common factor of 333266 and 327336?
1186
What is the greatest common divisor of 1911 and 392964?
39
Calculate the greatest common divisor of 44464014 and 736.
46
Calculate the greatest common factor of 2096 and 644258.
262
Calculate the greatest common divisor of 285111 and 111879.
3609
Calculate the highest common divisor of 3 and 312608520.
3
Calculate the highest common divisor of 2339255 and 205.
205
What is the highest common factor of 1608916 and 3856?
964
What is the greatest common factor of 2292596 and 712?
4
Calculate the greatest common divisor of 19680 and 14789760.
480
Calculate the highest common factor of 35309 and 1844041.
1139
What is the highest common factor of 9350 and 24414445?
55
Calculate the highest common divisor of 393 and 102936.
3
What is the highest common factor of 635722576 and 276?
92
What is the highest common factor of 4315 and 105300?
5
What is the highest common factor of 3510533 and 1967?
281
What is the highest common divisor of 6912 and 8339778?
18
Calculate the highest common factor of 3446307 and 7588.
271
Calculate the highest common factor of 22734 and 642677550.
2526
What is the highest common factor of 530589 and 14304?
447
Calculat